{"version":"1.0","provider_name":"St\u00edlusosan","provider_url":"https:\/\/stilus.cafeblog.hu","author_name":"Holli","author_url":"https:\/\/stilus.cafeblog.hu\/author\/Holli\/","title":"Nem a p\u00f6tty\u00f6s az igazi","html":"<P>Feladom most ezt a p\u00f6tty\u00f6s t\u00e9m\u00e1t, majd esetleg egyszer kis\u00fct\u00f6m, hogy mi bajuk van vele a b\u00f6ng\u00e9sz\u0151knek.<\/P>\r\n<P>Visszal\u00e9ptem egyet, t\u00f6r\u00f6ltem a kereteket \u00e9s a h\u00e1ttereket, kicsit tologattam a marg\u00f3kat, a tetej\u00e9re egy kis vir\u00e1g, \u00e9s k\u00e9sz is a hangulatjav\u00edt\u00f3 st\u00edluslap, klikk <A href=\"https:\/\/stilus.cafeblog.hu\/files\/felforma4.htm\"><STRONG>ide<\/STRONG><\/A>.<\/P>\r\n<P>Szok\u00e1s szerint a b\u00f6ng\u00e9sz\u0151nek a <EM>N\u00e9zet - Forr\u00e1s<\/EM> men\u00fcpontj\u00e1ban lehet megn\u00e9zni a honlap forr\u00e1sk\u00f3dj\u00e1t. \u00c9rdekess\u00e9g csak a fels\u0151 blokkban, a c\u00edmsorban van, az \u00edgy n\u00e9z ki:<\/P>\r\n<BLOCKQUOTE dir=ltr style=\"MARGIN-RIGHT: 0px\">\r\n<P>h1 {<BR>&nbsp;height: 240px;<BR>&nbsp;border-bottom:&nbsp;&nbsp; 6px double #CC0033;<BR>&nbsp;line-height: 200px;<BR>&nbsp;padding-left:&nbsp;&nbsp; 100px;<BR>&nbsp;text-align: left;<BR>&nbsp;font-size:&nbsp;&nbsp; 60px;<BR>&nbsp;background-image: url(<A href=\"https:\/\/stilus.cafeblog.hu\/files\/pirosv.jpg\">https:\/\/stilus.cafeblog.hu\/files\/pirosv.jpg<\/A>);<BR>&nbsp;background-position: top right;<BR>&nbsp;background-repeat: no-repeat;<BR>&nbsp;}<\/P><\/BLOCKQUOTE>\r\n<P>Ide tettem be h\u00e1tt\u00e9rk\u00e9pnek egy 240 pixel magas k\u00e9pet, ez\u00e9rt a c\u00edmsornak is meg kellett adnom ekkora magass\u00e1got, mivel en\u00e9lk\u00fcl nem l\u00e1tsz\u00f3dna a teljes k\u00e9p.<\/P>\r\n<P>A h\u00e1tt\u00e9rk\u00e9pet jobbra \u00e9s fentre pakoltam, \u00e9s megadtam az el\u00e9r\u00e9si \u00fatj\u00e1t. A k\u00e9p nem ism\u00e9tl\u0151dik. <\/P>\r\n<P>El\u00e9g hihetetlen\u00fcl hangzik, de a honlap nev\u00e9vel volt a legt\u00f6bb probl\u00e9ma. K\u00f6rben\u00e9ztem a neten, h\u00e1t a st\u00edluslapoknak gyenge pontja a f\u00fcgg\u0151legesen k\u00f6z\u00e9pre igaz\u00edt\u00e1s. Meg lehetne oldani marg\u00f3kkal is, csakhogy a k\u00fcl\u00f6nb\u00f6z\u0151 b\u00f6ng\u00e9sz\u0151k elk\u00e9peszt\u0151 k\u00fcl\u00f6nbs\u00e9get tudnak produk\u00e1lni marg\u00f3-\u00fcgyben, l\u00e1sd az el\u0151z\u0151 bejegyz\u00e9st. V\u00e9g\u00fcl is most \u00fagy \u00e9rtem el, hogy a 60 pixeles bet\u0171k ne a honlap tetej\u00e9hez tapadjanak, hogy sork\u00f6znek 200 pixelt adtam meg. (Ez csak ilyen egysoros sz\u00f6vegn\u00e9l v\u00e1lik be, de m\u00e1s megold\u00e1s is van.) Szerintem eg\u00e9sz helyes lett.<\/P>","type":"rich"}

Stílusosan

Nem a pöttyös az igazi

<P>Feladom most ezt a pöttyös témát, majd esetleg egyszer kisütöm, hogy mi bajuk van vele a böngészőknek.</P>
<P>Visszaléptem egyet, töröltem a kereteket és a háttereket, kicsit tologattam a margókat, a tetejére egy kis virág, és kész is a hangulatjavító stíluslap, klikk <A href="https://stilus.cafeblog.hu/files/felforma4.htm"><STRONG>ide</STRONG></A>.</P>
<P>Szokás szerint a böngészőnek a <EM>Nézet - Forrás</EM> menüpontjában lehet megnézni a honlap forráskódját. Érdekesség csak a felső blokkban, a címsorban van, az így néz ki:</P>
<BLOCKQUOTE dir=ltr style="MARGIN-RIGHT: 0px">
<P>h1 {<BR>&nbsp;height: 240px;<BR>&nbsp;border-bottom:&nbsp;&nbsp; 6px double #CC0033;<BR>&nbsp;line-height: 200px;<BR>&nbsp;padding-left:&nbsp;&nbsp; 100px;<BR>&nbsp;text-align: left;<BR>&nbsp;font-size:&nbsp;&nbsp; 60px;<BR>&nbsp;background-image: url(<A href="https://stilus.cafeblog.hu/files/pirosv.jpg">https://stilus.cafeblog.hu/files/pirosv.jpg</A>);<BR>&nbsp;background-position: top right;<BR>&nbsp;background-repeat: no-repeat;<BR>&nbsp;}</P></BLOCKQUOTE>
<P>Ide tettem be háttérképnek egy 240 pixel magas képet, ezért a címsornak is meg kellett adnom ekkora magasságot, mivel enélkül nem látszódna a teljes kép.</P>
<P>A háttérképet jobbra és fentre pakoltam, és megadtam az elérési útját. A kép nem ismétlődik. </P>
<P>Elég hihetetlenül hangzik, de a honlap nevével volt a legtöbb probléma. Körbenéztem a neten, hát a stíluslapoknak gyenge pontja a függőlegesen középre igazítás. Meg lehetne oldani margókkal is, csakhogy a különböző böngészők elképesztő különbséget tudnak produkálni margó-ügyben, lásd az előző bejegyzést. Végül is most úgy értem el, hogy a 60 pixeles betűk ne a honlap tetejéhez tapadjanak, hogy sorköznek 200 pixelt adtam meg. (Ez csak ilyen egysoros szövegnél válik be, de más megoldás is van.) Szerintem egész helyes lett.</P>
